+ 743. What is the hundreds digit of f?
2
Suppose 0 = 4*n - 3*f + 3015, -2*n + 3*f - 347 - 1168 = 0. What is the tens digit of n/(-42) - (-1)/7?
1
Suppose 5*z = 2*w + 1636, 0*z - 5*w = -2*z + 646. What is the units digit of z?
8
Suppose 0 = -24*z + 29*z + y - 3599, 2*y = 8. What is the units digit of z?
9
Let t(y) = -y**2 - 18*y + 4. Let h be t(-14). Suppose 4*l = -0*l - 140. Let f = h + l. What is the tens digit of f?
2
Let w be (-8 + 11)*(0 - -1). Let q = 6 - 4. Suppose 0*j + w*t - 37 = -q*j, 4*t - 6 = -j. What is the units digit of j?
6
Suppose -156*r = -141*r - 18090. What is the units digit of r?
6
Suppose -4*g - 2*d - 10 = -0, -g - 4*d - 20 = 0. Suppose -2*n + 63 - 19 = g. Let b = n + 8. What is the tens digit of b?
3
Let t = 192 + -120. Let o = 13 - 18. Let c = o + t. What is the units digit of c?
7
Let v be (1 + (-6)/4)*0. Let q(w) = 0*w + 5*w + 22 - 4 - 5*w + w. What is the units digit of q(v)?
8
Let p be (-2 - -6)/(-8 - -7). What is the tens digit of (p/(-8))/((-4)/(-232))?
2
Let r(g) = -g - 3 + 2 + 6 - 3. What is the units digit of r(-2)?
4
Let m(t) = 2*t**3 - 43*t**2 + 25*t + 21. What is the units digit of m(21)?
5
Let r be 3 - -10*5/(-10). Let q be ((-8 - -4)/r)/2. Suppose -28 = -3*i - 2*i - s, 2*i - 3*s = q. What is the units digit of i?
5
Let x be 4/14 - 2/7. Suppose -3*t + x*m = -2*m - 22, -m = 5. Suppose -4*d + 4 = 4*n - 72, t*n + 52 = 4*d. What is the tens digit of d?
1
Suppose 19*r = 2*f + 14*r - 363, 2*f + 2*r = 328. What is the hundreds digit of f?
1
Let i = -1269 + 1269. Let v(k) = -k**2 - 7*k + 6. Let a be v(-6). What is the units digit of (a - i - -4)*2?
2
Let c = 2348 - 779. What is the tens digit of c?
6
Suppose -32*f + 9*f = -7038. What is the hundreds digit of f?
3
Let q(k) = -k**2 + 2*k + 4. Let g be q(0). Suppose 5*l = 2*r + 285, -g*l + 240 = -0*r - 4*r. What is the tens digit of l?
5
Let w(q) = 69*q**2 - 6*q - 8. What is the units digit of w(-1)?
7
What is the tens digit of (-4 + 11/5)*2270/(-3)?
6
Let a(b) = -b**2 + 24*b - 16. Let x(w) = w**3 + 6*w**2 + 5*w + 13. Let f be x(-5). What is the units digit of a(f)?
7
Let k be 23363 + (7 - 5)/(-1). What is the units digit of (-2)/(-6) + k/117?
0
Let o(q) = -5*q + 38. What is the tens digit of o(-16)?
1
Let z = 276 - -1516. What is the hundreds digit of z?
7
Suppose 2*d - 4 = 0, 3*s + 5*d = -2*s - 1770. Let k be s/(-18) - (-6)/27. Suppose 0 = -0*o + 5*o - k. What is the units digit of o?
4
Let w(i) = 5*i**2 - 11*i**2 - 4*i + i**3 + i**2 + 3*i**2. Let d be (-1 - 1)/((-1)/2). What is the units digit of w(d)?
6
Suppose 15 = 2*i + 3*i. Let j(k) = 5 + 0*k**3 - 10*k - 4*k**3 + 8*k**2 + 3*k**i + 3*k. What is the tens digit of j(6)?
3
Suppose -6*c + 1828 + 98 = 0. What is the tens digit of c?
2
Let n(o) = o**2 - 13*o + 2. Suppose -5*m + 74 = 3*a, 5*m + 0*a - 71 = -2*a. Let t be n(m). What is the units digit of (t + -1)/(6/150)?
5
What is the tens digit of ((-1)/3*-4)/((-77)/(-27951))?
8
Let j(o) = -o**2 - 25*o. Let l be j(-25). Suppose -g + 0*g + 140 = l. What is the tens digit of g?
4
Suppose -1837 = -51*m + 2090. Let a(g) = g. Let f be a(3). Suppose -2*s - m = -f*x - 6, -5*x - 4*s + 155 = 0. What is the tens digit of x?
2
Let r be 8/(-12) + 4/6. Suppose r*f - 2*f + 42 = 0. What is the units digit of (-93)/(-2) + f/(-14)?
5
Suppose -2*b = -b - 2. Suppose -40 = -b*i - 3*w - 2, 0 = -5*i + w + 78. What is the tens digit of i?
1
Suppose -4*z + 1156 = h - 8*z, 3*h - 2*z - 3508 = 0. What is the tens digit of h?
7
Let n = 16 - 22. Let y(x) be the second derivative of -x**5/20 - x**4/2 - 3*x**3/2 - 7*x**2/2 + 8*x. What is the units digit of y(n)?
7
Suppose -30*z + 34*z = 2008. Suppose 0 = -3*u + z + 71. What is the tens digit of u?
9
Suppose 0 = -4*p - 4*k - 52, -p + 4*p + 39 = 2*k. Let w be 10/15 + p/(-3). Suppose w*d - 125 = -0*d. What is the tens digit of d?
2
Suppose -r = -3*t - 2*r + 4, -3*t + 3*r = -12. What is the tens digit of (533/(-39))/(t/(-6))?
4
Suppose -133803 - 69885 = -82*d. What is the hundreds digit of d?
4
Suppose 0 = -p + 8. Let o = p - 8. Suppose 0*s + 4*s - 140 = o. What is the tens digit of s?
3
Suppose 2*w + 3*x - 2 = 4, -w - 4*x - 2 = 0. Suppose 0 + w = 3*u + y, -y = -5*u + 10. What is the units digit of u?
2
Let o be ((-11)/(-44))/((-1)/(-4)) - 9. Let r(s) = 4*s**2 + 19*s - 4. What is the units digit of r(o)?
0
Let g(o) = 5*o**2 - 2*o**2 + 3 - 2*o**2 - 7*o. What is the tens digit of g(10)?
3
Suppose 3*w = 2*w - 5*l + 28, 3*l = w + 12. Let g be (70/w)/((-10)/(-15)). Let x = 70 - g. What is the tens digit of x?
3
Suppose -12*t = -32 - 4. What is the tens digit of t - 92/(2 - 4)?
4
Suppose 2*a + 8 = 4*a. Let l(h) = 9*h + 12. Let q be l(a). Suppose -3*v - 2*f + 36 = -3*f, -4*v = -5*f - q. What is the units digit of v?
2
Let z be 0 + 13/(13/6). Suppose 10 = -2*n, 3*g + z*n = 2*n + 82. What is the units digit of g?
4
What is the tens digit of -4 - (5 - 2)*(-1010)/6?
0
Let q(v) = 23*v**2 - 14*v + 12. What is the thousands digit of q(8)?
1
Let u = -32 + 34. Suppose 127 + 145 = u*h. What is the units digit of h?
6
Let l = -118 + 350. Suppose -4*m - 36 + l = 0. What is the units digit of m?
9
Suppose 0*h + 5*h = 0. Suppose h = -10*z + 14*z + 60. What is the units digit of 0 - (-5)/(z/(-12))?
4
Let a be (4 - -1)/1 - 1. Suppose b - 620 = -a*i - 3*b, 3*i - 465 = 2*b. Let p = -110 + i. What is the tens digit of p?
4
Let l(r) = -r - 9. Let w be l(-7). Let o be w/((-6)/57) + -1. What is the tens digit of (o/15)/((-2)/(-20))?
1
Let b = -18 - -34. Let l(x) = x**2 - 6*x + 5. Let t be l(5). What is the tens digit of (b - 0) + t/(-2)?
1
Suppose -3*h = -3*o - 144, 4*o - 94 = -2*h + 7*o. Suppose -12*k + h = -11*k. What is the tens digit of k?
5
Let g(t) = t**3 + 11*t**2 + 10*t + 2. Let z be g(-10). What is the hundreds digit of (0 + (-76)/8)/(z/(-28))?
1
Suppose -2*c - 5 + 3 = 0. Let v be (-7)/7*27*c. Suppose h = 2*h - v. What is the units digit of h?
7
Let s = -6 + 10. What is the tens digit of (-1420)/30*(-6)/s?
7
Let b be (-36)/3 + 2 - 4. Let t = b + 33. What is the tens digit of t?
1
Let f(q) = -q - 1. Let j(l) = l**3 - 10*l**2 + 6*l + 11. Let m(c) = -2*f(c) + j(c). Let y be m(9). Suppose -y*d = -d - 15. What is the units digit of d?
5
Let t be (9/(-3) - -3) + 8. Let w = t - 8. Suppose -3*u + 7*u - 28 = w. What is the units digit of u?
7
Let m be 4 + (-6)/6 + 14. Suppose -3840 = -m*o + 36. What is the units digit of o?
8
Let u(j) = -2*j**3 + 2*j**2 - 3. Let d be u(-3). Let z = -21 + d. What is the tens digit of z?
4
Suppose 9405 = 3*t - 0*d + 3*d, 3*t + 2*d - 9409 = 0. What is the hundreds digit of t?
1
Let a be 1 - (-6)/(-2) - (20 - 114). Let w = a - -18. What is the units digit of w?
0
Suppose -162*v + 51440 = -82*v. What is the hundreds digit of v?
6
Let g(z) = -7*z + 4. Let o(s) = -7*s + 2. Let u(k) = -5*g(k) + 6*o(k). Let d be (2 - 1)/(-1)*8. What is the tens digit of u(d)?
4
Suppose -c - 806 = -5*r, -5*r - 3*c + 1091 = 269. Suppose 3*b - 124 = -0*j - 4*j, 5*j - r = -2*b. What is the units digit of j?
4
Suppose -57 = 4*t - 525. Suppose f = 2*f - t. What is the hundreds digit of f?
1
Let s = 252 + -149. Let q = -60 + s. What is the units digit of q?
3
Let b = 2 - 0. Suppose -b*q = -3*q. Let u = q + 7. What is the units digit of u?
7
Let a(u) = u**3 - 31*u**2 - 40*u + 586. What is the tens digit of a(34)?
9
Let x(z) = 4*z**2 + 5*z + 6. What is the units digit of x(9)?
5
Suppose -13*x + 13124 - 2100 = 0. What is the tens digit of x?
4
Let m(t) = 4*t**3 - t**2 + t - 2. Let z be m(2). Let d = z - 16. What is the tens digit of -2 - (-42)/(d/4)?
1
Suppose o - 360 = -2*o. Suppose 37*q - 36*q - 2 = 0. Suppose -2*t = 2*t - q*r - 150, -3*t + o = -4*r. What is the tens digit of t?
3
What is the hundreds digit of 11/((-99)/9)*-4981?
9
Let o(a) = a**2 - 15*a + 18. What is the units digit of o(-7)?
2
Suppose 3*c + 0*c - l = 1764, 2*c = 4*l + 1176. What is the units digit of c?
8
Let r be 2/(6 + -2)*-14. Suppose 0 = 4*b + 2*v + v - 3, -2*b - 5*v = -19. What is the tens digit of b - (2 + 6)*r?
5
Suppose -5*h + 595 = 5*i - 0*i, h = -5*i + 579. What is the tens digit of i?
1
Suppose 5*q + 6 = 2*c - 0*q, c + 2*q = 3. Suppose -4*f = b - 305, -c*f - f + 299 = 3*b. What is the tens digit of f?
7
Let f = 13 - 18. Let w(l) = l**3 + 8*l**2 - 5*l - 4. Let b(u) = 3*u**3 + 23*u**2 - 15*u - 13. 